f w?
5, 1987
Suppose -52*c = -301434 - 200158. What are the prime factors of c?
2, 7, 13, 53
Let k(s) = -6*s**2 + 17*s - 3. Let u be k(-15). Let q = u + 2480. Suppose h + 3*h = q. List the prime factors of h.
2, 109
Suppose 8*y - 19292 = -5*y. Suppose -1378 - y = -9*x. What are the prime factors of x?
2, 3, 53
Suppose -5*u + 3587 = -18*u + 14*u. What are the prime factors of u?
17, 211
Let u = 142956 + -98073. List the prime factors of u.
3, 4987
Let b(c) = 2*c**3 - 3*c**2 - 6*c + 24. Let d be b(4). Let i = d - 55. What are the prime factors of i?
5
Suppose 3*o + 4*x - 2 = 0, 13*o - 16*o + 5*x = -11. Suppose -o*p - 348 = -y, 2*y - 12 - 678 = 2*p. List the prime factors of y.
2, 3, 19
Suppose -4*f + 62 = -2*j, -4*f - 3*j + 8*j = -47. Suppose 0 = 5*q - f - 7. Suppose 0 = q*t - s - 20, 2*t + s = -s + 20. List the prime factors of t.
5
Suppose 291*r - 47*r = 19573156 - 959616. What are the prime factors of r?
5, 11, 19, 73
Suppose 15*w + 668040 = 24*w + 29*w. List the prime factors of w.
2, 3, 5, 293
Let p(g) = 107*g**3 - 31*g**2 + 24*g - 57. What are the prime factors of p(5)?
3, 7, 67
Let v be ((-6)/(-9))/(16/1896). Suppose 12606 = v*x - 68*x. List the prime factors of x.
2, 3, 191
Suppose -5*g + 177210 = 5*z, 544*g - z - 35442 = 543*g. What are the prime factors of g?
2, 3, 11, 179
Suppose -5*r - 3*k = 3 - 12, -r - 3 = -k. Suppose -46*j + 50*j - 2724 = r. What are the prime factors of j?
3, 227
Let a = -3 - -7. Suppose a*h - 5 = 3. Suppose -h*l = -79 - 1. List the prime factors of l.
2, 5
Suppose 0*y - 10 = -2*y. Let q = -221 + 223. Suppose 122 = q*u - 0*v + 2*v, y*v - 65 = -u. What are the prime factors of u?
2, 3, 5
Let s = 79 + -65. Let a = s - 110. Let i = 354 + a. What are the prime factors of i?
2, 3, 43
Let q(v) = 4*v**2 + 21*v - 97. Let g(m) = 8*m**2 + 2*m - 3. Let r be g(1). What are the prime factors of q(r)?
2, 3, 41
Let b = -311 - -320. What are the prime factors of b - (-26235)/121 - 4/(-22)?
2, 113
Let o = 1426 + 8995. What are the prime factors of o?
17, 613
Suppose -3*v - 5*k + 5420 + 4915 = 0, v - 3*k = 3417. What are the prime factors of v?
3, 5, 229
Let o be 15/(7/(35/15)). Let y(k) = k**2 - 4*k + 22. What are the prime factors of y(o)?
3
Let k be (-2)/(-11) + ((-456)/88 - -5). Suppose 140 = 2*p + 4*f, k = 4*p - 2*f - 0*f - 260. What are the prime factors of p?
2, 3, 11
Suppose 114*m = 132*m - 40338. List the prime factors of m.
3, 83
Let x be (-2)/4*(-568 + 3)*2. Suppose -6 - 4 = -5*i. Suppose 4*v - 461 = 5*y, -7*y + x = 5*v - i*y. What are the prime factors of v?
2, 3, 19
Let p = 554 - 268. Suppose -4*o + 3*x + p = -1185, -9 = -3*x. Suppose -9*v + o = -8. List the prime factors of v.
2, 3, 7
Suppose -594 = -g - 3*f, 15*f = 12*f + 6. List the prime factors of g + -23 - (-12)/(-2).
13, 43
Let a be 4/(-20) - (-3)/(30/22). Suppose n = 4*h, 2 + 16 = -5*n + 2*h. List the prime factors of (-16)/a*30/n.
2, 3, 5
Let w = -873 + 1321. Let j(q) = 12*q**3 - 4*q - 4. Let o be j(-3). Let f = o + w. What are the prime factors of f?
2, 3, 11
Suppose -1057 = 9*s - 4. Let v = 121 + s. Suppose -3*h - 2*y = -610, -3*h + v*y + 194 = -2*h. What are the prime factors of h?
2, 101
Let q = 406 - 403. Suppose -q*d - 4710 = -5*v, 3*v - 2830 = 3*d - 2*d. List the prime factors of v.
3, 5, 7
What are the prime factors of (-378405)/45*1/(-3)?
2803
Let i = -172 + 170. What are the prime factors of (-2 - (103 - i))*(13 - 22)?
3, 107
List the prime factors of (4350/(-12) - -1)*-2.
3, 241
List the prime factors of 7/(28/45232) - (-11 + 6).
3, 419
Let s = -508 - -314. Let z = s + 460. List the prime factors of z.
2, 7, 19
Suppose -5*y + 4*t - 38 = -12, -y - 11 = 5*t. Let o(c) = 6*c**2 - 2. What are the prime factors of o(y)?
2, 107
List the prime factors of 9 - (6 - (-28)/(-4) - 22853).
3, 7621
Suppose -a + 5*k = -0*a + 12, 24 = 3*a + 5*k. Let v be (a - 10 - -10)*4/3. List the prime factors of (6 - (9 - v))*161.
7, 23
Let t = 99 + -105. What are the prime factors of -3 + t/(-18)*1263?
2, 11, 19
Let p = -1422 + 2559. Let l = p - 785. What are the prime factors of l?
2, 11
Suppose 3*s - 2950 = 2*n, 0*s - 4*n - 3928 = -4*s. Suppose 2*j - s = -3*c, -3 + 7 = j. What are the prime factors of c?
2, 163
List the prime factors of (-7)/119 + 298965/51.
2, 3, 977
Suppose 2*w = -3*w - 4*u - 43, 2*u = 4*w + 24. Let t(a) = -3*a**3 - 11*a**2 - 14*a + 6. What are the prime factors of t(w)?
2, 3, 11
Suppose 0 = 4*w + 5*z - 33183 - 115536, -3*w - z + 111542 = 0. What are the prime factors of w?
37181
Suppose 5*r - 602 - 510 = -4*c, 5*r + 869 = 3*c. Suppose 0 = -9*u + c + 14. Suppose z + 0*z = u. List the prime factors of z.
3, 11
Suppose 3*u = -2*u - 20, n - 5*u + 7 = 0. Let a = n - -125. List the prime factors of a.
2, 7
Let l(g) = -1 + g + 466*g**2 - 232*g**2 - 2*g - 223*g**2. List the prime factors of l(-5).
3, 31
Let v(t) = t + 656. Let g = -133 - -133. List the prime factors of v(g).
2, 41
Let k(n) = 123*n - 7. Let q be k(1). Let z = 967 + q. List the prime factors of z.
3, 19
Let d(n) = n**2 - 13*n - 114. Let u be d(19). List the prime factors of (u/(-1) - 4)*(-87 - 61).
2, 37
List the prime factors of -1*(-7)/7*(-22)/(-55)*69770.
2, 6977
Suppose 18*z - 32 = 10*z. Suppose -z*h - 3*q = -569 + 30, -4*h + 536 = 4*q. What are the prime factors of h?
137
Let x be 2354/6 + 4/(-12). Suppose q + 2*h - 271 = 0, 4*q - 2*h - 662 = x. What are the prime factors of q?
5, 53
Suppose 28*c = 20*c + 584. Let l = -239 - c. Let f = l - -580. List the prime factors of f.
2, 67
Let x = 826 - -488. Let b = 2140 - x. What are the prime factors of b?
2, 7, 59
Suppose 9*w = 8*w - 5*d - 806, 5*d = 3*w + 2478. Let x = -534 - w. List the prime factors of x.
7, 41
Suppose 0 = -849*g + 921*g - 2791728. List the prime factors of g.
2, 19387
Let h = -4488 - -4675. What are the prime factors of h?
11, 17
Let x(w) = -467*w - 192. Let a be x(-4). Let g(h) = 4*h**2 + 2*h - 2. Let y be g(-2). What are the prime factors of 6/(-10) + (a/y - 0)?
167
Let z(x) = -26*x**3 - x**2 + 3*x + 3. Let h be z(-2). Let k = -129 + h. List the prime factors of k.
2, 3
Let z be (-27)/(-18)*248/(-6). Let j be z - (-4 - -2 - -3). What are the prime factors of (j/36)/((-1)/148)?
7, 37
Let g be (3/((-42)/(-4)))/((-1)/(-7)). What are the prime factors of (g*(-2)/4)/((-14)/8414)?
601
Let i(v) = -6*v**2 + 5*v + 6. Let p(b) = b**2. Let d(c) = -i(c) - 5*p(c). Let n be d(7). Let s(q) = 5*q. List the prime factors of s(n).
2, 5
Suppose -385*l = -942165 - 85785. What are the prime factors of l?
2, 3, 5, 89
Suppose 0 = -108*f + 237684 - 34212. What are the prime factors of f?
2, 3, 157
Suppose 5*c + 7*u - 15 = 2*u, 2*u = c + 3. List the prime factors of (((-414)/4)/(-9))/(c/6).
3, 23
List the prime factors of 14/8*(-4046064)/(-316).
3, 7, 11, 97
Suppose 148*n - 2254394 = 2579286. What are the prime factors of n?
2, 5, 23, 71
Let u(z) = 2*z - 12*z + 18*z + 136 + 13*z. List the prime factors of u(16).
2, 59
Let r = 1950 - -11636. What are the prime factors of r?
2, 6793
What are the prime factors of ((60/(-9))/10)/((-4)/(-6)) + 8608?
3, 19, 151
Let v be -30*(288/20)/(-4). Let b = v - -6. Let k = b + 98. What are the prime factors of k?
2, 53
Let n(c) be the third derivative of 3*c**5/5 - c**4/24 - c**3 + 13*c**2 - 2. What are the prime factors of n(-2)?
2, 5, 7
Let i(q) = 2*q**2 - 14*q + 12. Suppose 8*t - 11 = 37. Let a be i(t). Let f = 165 - a. What are the prime factors of f?
3, 5, 11
Suppose 4*p - 345*n = -343*n + 11494, -4*n + 5762 = 2*p. What are the prime factors of p?
5, 23
Suppose -5*u = -10*u - 35. Let k(l) = 3*l**2 + 20*l - 4. Let t be k(u). Suppose -3*d + 82 = h, 5*d - h = t*d + 63. List the prime factors of d.
29
Suppose 0 = -3*m - 4730 + 21047. What are the prime factors of m?
3, 7, 37
Let u(n) = -3*n**3 + 61*n**2 + 45*n - 13. Let x be u(21). What are the prime factors of 280/1 + (x - 51)?
3, 31
Let c(v) be the second derivative of v**5/20 - 11*v**4/12 - v**3/6 - 4*v**2 + 8*v. Let r be c(16). Suppose -8*b - r = -16*b. List the prime factors of b.
157
Suppose -24*k = 79*k + 214453 - 4904661. What are the prime factors of k?
2, 1423
Let f = 4671 + -2805. Suppose -17*m + f + 2622 = 0. What are the prime factors of m?
2, 3, 11
Let p = -153 - -157. Suppose -5*w = c - 5*c - 29, 4*c + 20 = p*w. What are the prime factors of w?
3
